ten thousands digit of 363728?
6
What is the ten thousands digit of 119835?
1
What is the units digit of 105365?
5
What is the units digit of 2482828?
8
What is the hundreds digit of 8372914?
9
What is the hundreds digit of 22322?
3
What is the thousands digit of 12726950?
6
What is the thousands digit of 617970?
7
What is the ten thousands digit of 2300989?
0
What is the ten thousands digit of 715594?
1
What is the thousands digit of 3475647?
5
What is the tens digit of 325567?
6
What is the units digit of 4692?
2
What is the units digit of 369105?
5
What is the thousands digit of 9386001?
6
What is the millions digit of 10748575?
0
What is the units digit of 535897?
7
What is the hundred thousands digit of 14214119?
2
What is the thousands digit of 68949?
8
What is the thousands digit of 362961?
2
What is the millions digit of 2011931?
2
What is the hundreds digit of 5828974?
9
What is the units digit of 281288?
8
What is the ten thousands digit of 409504?
0
What is the hundreds digit of 308688?
6
What is the hundreds digit of 345161?
1
What is the hundred thousands digit of 498961?
4
What is the units digit of 497120?
0
What is the tens digit of 509316?
1
What is the ten thousands digit of 7041232?
4
What is the hundreds digit of 520854?
8
What is the tens digit of 1381305?
0
What is the thousands digit of 219043?
9
What is the units digit of 3361317?
7
What is the ten thousands digit of 470145?
7
What is the hundreds digit of 231733?
7
What is the hundreds digit of 228785?
7
What is the tens digit of 9332825?
2
What is the hundreds digit of 700238?
2
What is the thousands digit of 421579?
1
What is the thousands digit of 3395807?
5
What is the hundred thousands digit of 9439052?
4
What is the thousands digit of 34335?
4
What is the millions digit of 11205973?
1
What is the hundreds digit of 105663?
6
What is the units digit of 801502?
2
What is the ten thousands digit of 28725?
2
What is the ten thousands digit of 4636926?
3
What is the tens digit of 8359?
5
What is the hundreds digit of 57199?
1
What is the hundred thousands digit of 16884459?
8
What is the millions digit of 2529857?
2
What is the tens digit of 14153?
5
What is the ten thousands digit of 4081696?
8
What is the ten thousands digit of 82658?
8
What is the ten thousands digit of 59463?
5
What is the tens digit of 146430?
3
What is the hundred thousands digit of 977354?
9
What is the tens digit of 356957?
5
What is the hundred thousands digit of 154999?
1
What is the millions digit of 2268541?
2
What is the tens digit of 579560?
6
What is the ten thousands digit of 208690?
0
What is the thousands digit of 120475?
0
What is the ten thousands digit of 4229964?
2
What is the hundred thousands digit of 1931114?
9
What is the units digit of 120779?
9
What is the hundred thousands digit of 795946?
7
What is the ten thousands digit of 2629777?
2
What is the hundred thousands digit of 875204?
8
What is the tens digit of 1916838?
3
What is the millions digit of 3844100?
3
What is the tens digit of 3174532?
3
What is the ten thousands digit of 223708?
2
What is the thousands digit of 2670948?
0
What is the millions digit of 1289501?
1
What is the hundreds digit of 6497829?
8
What is the hundred thousands digit of 2662034?
6
What is the tens digit of 293620?
2
What is the ten thousands digit of 534257?
3
What is the units digit of 92917?
7
What is the thousands digit of 1281312?
1
What is the thousands digit of 26833?
6
What is the millions digit of 6179304?
6
What is the hundreds digit of 386874?
8
What is the hundred thousands digit of 491882?
4
What is the hundreds digit of 6087227?
2
What is the hundreds digit of 365823?
8
What is the tens digit of 1783?
8
What is the hundreds digit of 672013?
0
What is the units digit of 2256389?
9
What is the thousands digit of 361028?
1
What is the hundred thousands digit of 201958?
2
What is the hundred thousands digit of 176904?
1
What is the hundreds digit of 191544?
5
What is the ten thousands digit of 2134054?
3
What is the tens digit of 718339?
3
What is the units digit of 1319386?
6
What is the hundred thousands digit of 645671?
6
What is the ten thousands digit of 20512474?
1
What is the ten thousands digit of 1043711?
4
What is the tens digit of 97767?
6
What is the thousands digit of 984401?
4
What is the millions digit of 6916633?
6
What is the units digit of 11955744?
4
What is the hundreds digit of 434615?
6
What is the units digit of 3596410?
0
What is the tens digit of 12408447?
4
What is the hundred thousands digit of 352846?
3
What is the millions digit of 8311264?
8
What is the ten millions digit of 25995653?
2
What is the ten thousands digit of 7561210?
6
What is the hundreds digit of 10089064?
0
What is the ten thousands digit of 269336?
6
What is the units digit of 13282?
2
What is the hundreds digit of 1011886?
8
What is the hundreds digit of 1212968?
9
What is the ten thousands digit of 24890981?
9
What is the hundreds digit of 3174000?
0
What is the tens digit of 207414?
1
What is the tens digit of 281903?
0
What is the units digit of 819876?
6
What is the hundreds digit of 1513751?
7
What is the thousands digit of 1215025?
5
What is the hundreds digit of 4429862?
8
What is the tens digit of 758934?
3
What is the units digit of 539877?
7
What is the thousands digit of 5102937?
2
What is the units digit of 1209485?
5
What is the units digit of 31661918?
8
What is the ten millions digit of 30720961?
3
What is the tens digit of 8064481?
8
What is the tens digit of 1184068?
6
What is the ten thousands digit of 8089876?
8
What is the hundreds digit of 18137914?
9
What is the units digit of 649247?
7
What is the thousands digit of 39763?
9
What is the ten thousands digit of 74245?
7
What is the units digit of 170407?
7
What is the thousands digit of 210074?
0
What is the units digit of 6065847?
7
What is the ten thousands digit of 2642256?
4
What is the units digit of 956919?
9
What is the tens digit of 13861753?
5
What is the units digit of 15882608?
8
What is the hundreds digit of 649441?
4
What is the hundreds digit of 6633218?
2
What is the hundreds digit of 523782?
7
What is the ten thousands digit of 27441?
2
What is the ten thousands digit of 534506?
3
What is the units digit of 274816?
6
What is the ten thousands digit of 231898?
3
What is the units digit of 10884919?
9
What is the hundred thousands digit of 144338?
1
What is the units digit of 34506?
6
What is the tens digit of 5528708?
0
What is the hundred thousands digit of 323893?
3
What is the hundreds digit of 11336894?
8
What is the tens digit of 2492887?
8
What is the hundred thousands digit of 1303938?
3
What is the hundreds digit of 2147982?
9
What is the thousands digit of 165431?
5
What is the units digit of 251431?
1
What is the hundred thousands digit of 305752?
3
What is the hundred thousands digit of 3887787?
8
What is the hundreds digit of 770580?
5
What is the millions digit of 1439617?
1
What is the tens digit of 264549?
4
What is the hundred thousands digit of 201282?
2
What is the hundred thousands digit of 4350206?
3
What is the hundred thousands digit of 2112118?
1
What is the tens digit of 605649?
4
What is the tens digit of 42285454?
5
What is the millions digit of 1567607?
1
What is the millions digit of 7341983?
7
What is the units digit of 110020?
0
What is the thousands digit of 402181?
2
What is the units digit of 1514485?
5
What is the ten millions digit of 15853249?
1
What is the hundred thousands digit of 1495980?
4
What is the millions digit of 2560995?
2
What is the tens digit of 491913?
1
What is the units digit of 1696933?
3
What is the ten thousands digit of 517594?
1
What is the hundreds digit of 37180539?
5
What is the hundred thousands digit of 416410?
4
What is the units digit of 33079167?
7
What is the tens digit of 353928?
2
What is the hundreds digit of 4038015?
0
What is the hundreds digit of 59565?
5
What is the thousands digit of 231445?
1
What is the ten thousands digit of 1203558?
0
What is the ten thousands digit of 2066617?
6
What is the hundreds digit of 3324298?
2
What is the thousands digit of 1227226?
7
What is the hundred thousands digit of 243094?
2
What is the thousands digit of 252242?
2
What is the ten th